 - 343 = 44. Suppose 2*j - 62 = -2*l - 0*j, j + y = 4*l. List the prime factors of l.
2
Let u(r) = -r + 9. Let x be u(7). Let z(s) = 0*s + 2*s**2 - 9*s + 6 - s**x. List the prime factors of z(9).
2, 3
Suppose -y = -2*o - 71, -4*y + 114 = 3*o - 115. List the prime factors of y.
61
Let c be (-1)/(-1) + (5 - 4). Let r(h) = 4 - 2*h**c - 9*h**3 - 2*h**2 + 8*h**3. What are the prime factors of r(-4)?
2
Suppose 3*s = 2*q + 12, 5*s - 2 = 2*q + 22. What are the prime factors of (2/s)/((-1)/(-21))?
7
Let n(l) = 2*l**2 + 21*l - 27. List the prime factors of n(-16).
149
Suppose -1033 = -5*j + h, 0 = -0*j - 3*j - 2*h + 625. What are the prime factors of j?
3, 23
Let l(h) = h**3 - 7*h**2 + 7*h - 3. Let j be l(6). Suppose -9 + 0 = -j*m. List the prime factors of m.
3
Let a = -4 - -4. Suppose -4*u = -2*g - 16, a*g - 5*g - 10 = 0. Suppose -2 = u*h - 8. What are the prime factors of h?
2
Suppose 2*t = 4*f + t - 447, f + t = 108. What are the prime factors of f?
3, 37
Let v = 46 + -20. List the prime factors of v.
2, 13
Suppose -2*n + 3*l = -76, -9 = 3*l - 3. What are the prime factors of n?
5, 7
Let i be ((-24)/(-14))/(6/21). Let b = i + -3. Suppose -2*t = b - 7, -w - 5*t = -15. List the prime factors of w.
5
Let h be (1 + -1)/(-2 - 0). Suppose h*f = -3*f + 90. What are the prime factors of f?
2, 3, 5
Let m(c) = -c**2 - 5*c - 2. Let n be m(-2). Suppose -2*o - 3*o + 10 = 0. Suppose -2*g - k = 2*k - o, 16 = -n*k. List the prime factors of g.
7
Suppose -5*y - 15 = 4*a, -3*y - 4*a = 1 + 8. Let r = y - -3. Suppose r = -2*j - 0*j + 10. List the prime factors of j.
5
Let c(g) = 7 + g - g - g. What are the prime factors of c(5)?
2
Let l = 23 + -16. Let z(g) be the first derivative of g**2 - 6*g - 1. What are the prime factors of z(l)?
2
Suppose 0 = -o + 10 + 19. Suppose -13 = -3*a + o. What are the prime factors of a?
2, 7
Suppose 3*r - 379 = -5*c, 3*r - 5*c = 267 + 62. List the prime factors of r.
2, 59
Suppose -2*g + 82 = -4*g - 4*s, -3*g - 112 = -5*s. Let n be (g/12 + 1)*4. What are the prime factors of (-52)/(-6) - 3/n?
3
Let u = 4 + -5. Let a be 14 + -1 - (0 - u). Suppose 3*q = m + 5, -m + 4*q = 3*m - a. List the prime factors of m.
7
List the prime factors of 2/(((-20)/(-365))/2).
73
Let n be 2/6 + 6/(-18). Suppose n = -3*b - 12, -2*l - l = -b - 43. List the prime factors of l.
13
Let i(d) = 5*d**2 - 6*d + 3. What are the prime factors of i(2)?
11
Suppose 7*j - 189 = 658. What are the prime factors of j?
11
What are the prime factors of 3 - 22*(-1)/1?
5
Suppose -3*g + 91 = 2*k, 0*g - 5*k = 4*g - 126. Let s = 25 + -25. Suppose -2*j - 1 + g = 5*u, 5*u - 3*j - 8 = s. List the prime factors of u.
2
Let p(i) = i - 5. Let k be p(4). Let b = 5 + k. What are the prime factors of b?
2
Let n = 2 + -8. What are the prime factors of 3/n - (-78)/4?
19
Let y = 4 + 4. Let d = y + 3. What are the prime factors of d?
11
Let i(t) = t**2 + 8*t - 3. Let x be i(-9). List the prime factors of (24 + x)/(2 - 0).
3, 5
Let c be 0/(-1*(-3)/(-3)). Suppose 0 = -4*s - c*s + 48. Suppose s - 67 = -5*u. What are the prime factors of u?
11
Let a(b) = -b**3 - 6*b**2 - 5*b + 7. List the prime factors of a(-6).
37
Let h = 0 + 2. Suppose -h*j = 3*j. Suppose -3*o + j*o + 9 = 0. List the prime factors of o.
3
Let y(p) = p**2 + 4*p - 4. Let g be y(-4). Let k(r) = r**2 + 4*r + 10. What are the prime factors of k(g)?
2, 5
Suppose -925 = -5*k - 0*k - 5*b, -2*k = -b - 367. What are the prime factors of k?
2, 23
Let p = -59 - -74. What are the prime factors of p?
3, 5
List the prime factors of (111 + 5 + -3)/(1 + 0).
113
Let l(k) be the third derivative of k**6/120 - k**5/12 - 5*k**4/24 - 2*k**3/3 + k**2. Let x be l(6). What are the prime factors of -3*x/((-6)/5)?
5
Suppose 0*t - 3*t + 135 = 0. What are the prime factors of t?
3, 5
Let z be 2*(0/3 + 2). List the prime factors of 4/2*30/z.
3, 5
Suppose 11 = 5*v + 1. List the prime factors of v.
2
Suppose 3*z - 741 = -4*b, -3*z + 204 + 723 = 5*b. List the prime factors of b.
2, 3, 31
Let q = -4 - -20. List the prime factors of q.
2
Let y(h) = h**3 + 5*h**2 - 5*h. Let z be y(-6). What are the prime factors of 2/z + (-155)/(-15)?
2, 5
Let i(x) = -6*x + 1 - 33*x + 12*x - 17*x. Let b be i(-2). Suppose -v - 4*v = u - b, -v + 37 = 5*u. List the prime factors of v.
17
Let v(o) = -o**2 - 6*o + 4. Let x be v(-5). Let c be (-5)/10*4/(-2). Let p = x + c. What are the prime factors of p?
2, 5
Let w(d) = -2*d**3 - 20*d**2 + 13*d - 3. List the prime factors of w(-11).
2, 3
Let c(x) = 3*x**3 - x**2 - x. Let m be c(-1). Let u = 22 - m. List the prime factors of u.
5
Let v be ((-1)/1)/(8/(-16)). Suppose r = 5*a - 112, 3*r = -v*a - 0*r + 55. What are the prime factors of a?
23
Let z(q) = 1 + 4*q - 1 - 1. Let y be (-2)/8 + 147/28. What are the prime factors of z(y)?
19
Suppose 28 = 4*f - 52. What are the prime factors of f?
2, 5
Let n(j) = 2*j**2 + 5*j - 4. Let g = -25 + 19. List the prime factors of n(g).
2, 19
Suppose r - 8 = -r. List the prime factors of r.
2
Let m(p) = 2*p**2 - 10*p + 26. List the prime factors of m(5).
2, 13
Let u(t) = t**3 + 11*t**2 - t - 8. What are the prime factors of u(-11)?
3
Suppose 2*b - 18 - 16 = 0. What are the prime factors of b?
17
What are the prime factors of (21/(-2))/3*(-11 - 3)?
7
Suppose -8*s + 4*s + 72 = l, -4*l = 3*s - 67. List the prime factors of s.
17
Let w be 3/9 + 19/(-3). Let j = 21 - w. What are the prime factors of j?
3
Let h = -77 + 123. What are the prime factors of h?
2, 23
Let h(s) = -s**3 + 3*s + 1. Let a be h(-3). Suppose -5*i + 16 + a = x, -5*i = 5*x - 75. List the prime factors of x.
2, 5
Suppose 0*u - 3*u = 4*j - 184, -227 = -5*j - 3*u. Let w = j - 23. Let v = -13 + w. List the prime factors of v.
7
Suppose y + 2*y = 0. Suppose y*k - 11 = -k. List the prime factors of k.
11
List the prime factors of 3*1940/45 + 1/(-3).
3, 43
Let c be (8/(-6) + -1)*-15. Let r = 61 - c. What are the prime factors of r?
2, 13
Let o = -22 - -30. List the prime factors of o.
2
Let o(b) = b**3 + 6*b**2 - 3*b + 2. Let q be o(-5). Suppose -5 = 4*w - 5*h - q, h + 8 = w. Suppose 10 - 49 = -w*c. What are the prime factors of c?
13
Let k = -3 + 6. Let q(i) = -2*i - 8. Let g be q(-6). Suppose 2*j + 5*p + 24 = 3*j, k*p + 28 = g*j. What are the prime factors of j?
2
Suppose -2*i = 5*m - 398, 324 = 4*m + 6*i - 3*i. List the prime factors of m.
2, 3, 13
Let a(w) = -14*w - 2. List the prime factors of a(-2).
2, 13
Suppose 0 = 4*p - 5*p + 3. Suppose 3*x - 11 = -p*b + 10, -16 = 2*x - 4*b. List the prime factors of x.
2
Suppose 4*n + 8 = f - 24, -5*f = -3*n - 211. What are the prime factors of f?
2, 11
Let w = -14 - -23. List the prime factors of w.
3
Let y(d) = 4*d**2 - 3*d + 3. What are the prime factors of y(2)?
13
Suppose 129 + 351 = 4*w - 2*u, -5*u = -2*w + 248. List the prime factors of w.
7, 17
Suppose -3*r + 4*r = 3*u + 9, 0 = 5*r + 5*u + 35. Let l be (-1)/r + 460/(-30). What are the prime factors of 25*(27/l)/(-3)?
3, 5
Let l(g) = -g**3 + 7*g**2 - 5*g + 2. List the prime factors of l(5).
3
Let u = 33 - 23. Suppose 180 = 5*r + u. Suppose -4*n = 2*f - 60, -2*f + 5*f = -2*n + r. List the prime factors of n.
2, 7
Suppose -5*t - c + 31 = -3*t, -5*t + 2*c = -82. Suppose t - 160 = -4*q. List the prime factors of q.
2, 3
Suppose 4*y = -3*f - 10, 0 = -3*f - f + y + 12. Suppose 4 = -f*z + 10. List the prime factors of z.
3
Suppose -4*x + 2*n = -682, -x - 2*n = -4*x + 510. List the prime factors of x.
2, 43
What are the prime factors of -191*2*1/(-2)?
191
Let y(t) = -t - 3. Let b be y(-8). Suppose -f + b*j = -8, 2*j + j = 6. What are the prime factors of f?
2, 3
Let w(k) = 6 + 2*k**3 + 5*k**2 - k**3 + 2*k**2. Let x be (-79)/11 + 2/11. What are the prime factors of w(x)?
2, 3
Let f(m) = -45*m**3 - 2*m**2 + 1. List the prime factors of f(-1).
2, 11
Let m(a) = a**2 - 2*a - 4. Let h be m(3). Let p(n) = 8*n**3 - n**2 + 1. Let q be p(h). Let c = 27 + q. What are the prime factors of c?
19
Let h = -7 - -11. Let u(r) = r**3 - 3*r**2 - 4*r - 1. Let y be u(h). List the prime factors of 0*y/2 - -12.
2, 3
Suppose 0 = -2*i - 2*n - 8, -3*n + 23 = -2*i - 0*n. List the prime factors of (-271)/i - (-8)/28.
3, 13
Let s(g) = g**2 + 10*g + 12. Let b be s(-9). Suppose -b*x = -39 - 21. What are the prime factors of x?
2, 5
Let g(h) = 2*h**2 - h. Let s(q) = q**3 - 8*q**2 + 8*q 